hat is the hundreds digit of 114408?
4
What is the ten thousands digit of 2570355?
7
What is the hundreds digit of 41055?
0
What is the units digit of 38472?
2
What is the hundreds digit of 5871853?
8
What is the hundred thousands digit of 2529458?
5
What is the tens digit of 5719561?
6
What is the hundred thousands digit of 219853?
2
What is the tens digit of 687607?
0
What is the hundreds digit of 566433?
4
What is the hundreds digit of 1628271?
2
What is the tens digit of 3052197?
9
What is the hundred thousands digit of 6445382?
4
What is the thousands digit of 3144301?
4
What is the hundreds digit of 1389266?
2
What is the hundreds digit of 1317610?
6
What is the hundreds digit of 133188?
1
What is the tens digit of 13011605?
0
What is the tens digit of 4197060?
6
What is the tens digit of 11887038?
3
What is the ten thousands digit of 570023?
7
What is the hundred thousands digit of 2437060?
4
What is the millions digit of 7260307?
7
What is the hundred thousands digit of 5216365?
2
What is the hundreds digit of 6763667?
6
What is the thousands digit of 720769?
0
What is the tens digit of 210962?
6
What is the thousands digit of 4377454?
7
What is the millions digit of 24953841?
4
What is the units digit of 129465?
5
What is the units digit of 19683957?
7
What is the ten thousands digit of 1814186?
1
What is the ten thousands digit of 881473?
8
What is the hundreds digit of 4381553?
5
What is the tens digit of 206002?
0
What is the thousands digit of 277565?
7
What is the hundreds digit of 4906126?
1
What is the units digit of 198528?
8
What is the hundred thousands digit of 175870?
1
What is the hundreds digit of 1969729?
7
What is the ten thousands digit of 28779568?
7
What is the tens digit of 378399?
9
What is the thousands digit of 1823150?
3
What is the hundred thousands digit of 758198?
7
What is the units digit of 33332878?
8
What is the ten thousands digit of 2336553?
3
What is the units digit of 2043008?
8
What is the hundred thousands digit of 156810?
1
What is the millions digit of 1144589?
1
What is the millions digit of 5564440?
5
What is the hundred thousands digit of 1388111?
3
What is the units digit of 1201834?
4
What is the millions digit of 23490913?
3
What is the tens digit of 2379611?
1
What is the millions digit of 10385061?
0
What is the hundred thousands digit of 276738?
2
What is the ten thousands digit of 16967151?
6
What is the ten thousands digit of 169637?
6
What is the thousands digit of 3454812?
4
What is the thousands digit of 151342?
1
What is the units digit of 478795?
5
What is the hundreds digit of 2862143?
1
What is the ten thousands digit of 16827573?
2
What is the millions digit of 2750164?
2
What is the hundreds digit of 1988467?
4
What is the tens digit of 2581714?
1
What is the units digit of 1131335?
5
What is the tens digit of 19596438?
3
What is the tens digit of 4032956?
5
What is the units digit of 232429?
9
What is the hundred thousands digit of 6181450?
1
What is the hundreds digit of 79639?
6
What is the thousands digit of 5584?
5
What is the hundred thousands digit of 2549119?
5
What is the hundred thousands digit of 13585305?
5
What is the hundreds digit of 5646106?
1
What is the hundreds digit of 2111480?
4
What is the millions digit of 11912863?
1
What is the ten thousands digit of 42413937?
1
What is the millions digit of 6010906?
6
What is the thousands digit of 1450525?
0
What is the units digit of 212464?
4
What is the hundreds digit of 1695415?
4
What is the hundred thousands digit of 123519?
1
What is the hundred thousands digit of 1887429?
8
What is the thousands digit of 14543742?
3
What is the units digit of 7141469?
9
What is the thousands digit of 323165?
3
What is the ten thousands digit of 12277672?
7
What is the hundred thousands digit of 201403?
2
What is the hundreds digit of 5545397?
3
What is the thousands digit of 19228225?
8
What is the hundreds digit of 5211060?
0
What is the hundred thousands digit of 344330?
3
What is the units digit of 243237?
7
What is the tens digit of 208268?
6
What is the ten millions digit of 19544257?
1
What is the millions digit of 1361759?
1
What is the hundred thousands digit of 308549?
3
What is the tens digit of 2038103?
0
What is the thousands digit of 27952?
7
What is the tens digit of 201387?
8
What is the hundreds digit of 13233581?
5
What is the tens digit of 202758?
5
What is the units digit of 2398571?
1
What is the millions digit of 1229272?
1
What is the ten thousands digit of 8326982?
2
What is the hundred thousands digit of 1841791?
8
What is the tens digit of 186167?
6
What is the thousands digit of 593114?
3
What is the units digit of 9371635?
5
What is the ten thousands digit of 414485?
1
What is the millions digit of 26157432?
6
What is the units digit of 1564528?
8
What is the units digit of 5624838?
8
What is the hundred thousands digit of 1919306?
9
What is the hundred thousands digit of 531868?
5
What is the millions digit of 9066978?
9
What is the thousands digit of 1915636?
5
What is the millions digit of 1763834?
1
What is the hundred thousands digit of 765571?
7
What is the hundreds digit of 313128?
1
What is the hundreds digit of 170433?
4
What is the units digit of 404663?
3
What is the millions digit of 7389930?
7
What is the millions digit of 20791634?
0
What is the ten thousands digit of 277155?
7
What is the ten millions digit of 26340241?
2
What is the hundred thousands digit of 12227055?
2
What is the thousands digit of 134504?
4
What is the thousands digit of 50599?
0
What is the hundred thousands digit of 114387?
1
What is the ten thousands digit of 2009646?
0
What is the hundreds digit of 9415776?
7
What is the hundreds digit of 22340659?
6
What is the tens digit of 17876935?
3
What is the hundred thousands digit of 30882645?
8
What is the ten thousands digit of 274184?
7
What is the units digit of 33072201?
1
What is the thousands digit of 13600401?
0
What is the hundreds digit of 814761?
7
What is the hundreds digit of 703?
7
What is the hundred thousands digit of 6532416?
5
What is the units digit of 350396?
6
What is the thousands digit of 129964?
9
What is the ten thousands digit of 10045315?
4
What is the hundred thousands digit of 4121571?
1
What is the thousands digit of 305322?
5
What is the hundred thousands digit of 349945?
3
What is the tens digit of 434280?
8
What is the ten thousands digit of 31690?
3
What is the millions digit of 6656600?
6
What is the hundreds digit of 427954?
9
What is the hundreds digit of 14798608?
6
What is the ten millions digit of 12053869?
1
What is the hundreds digit of 2974357?
3
What is the tens digit of 302006?
0
What is the hundreds digit of 1370401?
4
What is the hundred thousands digit of 105428?
1
What is the ten thousands digit of 4510574?
1
What is the hundreds digit of 8831885?
8
What is the hundred thousands digit of 39405788?
4
What is the tens digit of 692082?
8
What is the hundreds digit of 293287?
2
What is the millions digit of 3300408?
3
What is the millions digit of 7103732?
7
What is the units digit of 6134888?
8
What is the millions digit of 3223381?
3
What is the thousands digit of 73672?
3
What is the ten thousands digit of 455780?
5
What is the tens digit of 6527063?
6
What is the thousands digit of 477626?
7
What is the tens digit of 2209816?
1
What is the millions digit of 2158553?
2
What is the millions digit of 1215926?
1
What is the millions digit of 19687603?
9
What is the units digit of 6773371?
1
What is the thousands digit of 200077?
0
What is the hundred thousands digit of 106748?
1
What is the ten thousands digit of 14202254?
0
What is the thousands digit of 845040?
5
What is the hundred thousands digit of 18083940?
0
What is the millions digit of 8468587?
8
What is the ten thousands digit of 1560714?
6
What is the units digit of 18237?
7
What is the hundreds digit of 9198530?
5
What is the tens digit of 21109876?
7
What is the hundred thousands digit of 1202078?
2
What is the thousands digit of 131095?
1
What is the thousands digit of 3657?
3
What is the hundreds digit of 11753828?
8
What is the hundred thousands digit of 799827?
7
What is the ten thousands digit of 1624491?
2
What is the hundred thousands digit of 9766